 -6328 + -3?
-6332
In base 15, what is -4 - -242?
23d
In base 3, what is 11 - -101200?
101211
In base 7, what is -44 - 1311?
-1355
In base 13, what is -2b + -8?
-36
In base 16, what is 6 - -19?
1f
In base 14, what is c - -165?
173
In base 6, what is -45 + -33?
-122
In base 9, what is 218 - -4?
223
In base 9, what is -4 - 644?
-648
In base 5, what is -34 - 142?
-231
In base 7, what is 21 + 2?
23
In base 2, what is 11 + 1000100110101?
1000100111000
In base 8, what is 216 + 151?
367
In base 8, what is -3621 - 1?
-3622
In base 16, what is -28 - -16?
-12
In base 15, what is -34ea - 5?
-3500
In base 15, what is 0 - bae?
-bae
In base 13, what is 16 - -1?
17
In base 15, what is 2b - -12d?
159
In base 11, what is 2667 + 3?
266a
In base 8, what is -247 - -1?
-246
In base 14, what is -c + -c1?
-cd
In base 12, what is 2480 - -1?
2481
In base 6, what is -1 + -31?
-32
In base 8, what is -10255 + -1?
-10256
In base 13, what is 73a + 9?
746
In base 11, what is 72 + -4?
69
In base 10, what is 165 + -5?
160
In base 3, what is 211212 + -12?
211200
In base 9, what is -54 + -266?
-331
In base 7, what is -16 + 22?
3
In base 12, what is 2 + -7b?
-79
In base 6, what is 50 + 31?
121
In base 6, what is -5 + 35333?
35324
In base 2, what is -11010100 + 100?
-11010000
In base 9, what is -2338 - 0?
-2338
In base 4, what is 12 + 22?
100
In base 11, what is 256a - -2?
2571
In base 5, what is -2 + 10223?
10221
In base 12, what is -3 + -3?
-6
In base 12, what is 4 + -229?
-225
In base 15, what is 5 - -3d?
43
In base 5, what is -34 - -44?
10
In base 6, what is 4 + 53?
101
In base 12, what is 5 - 281?
-278
In base 6, what is -2 + 15550?
15544
In base 11, what is 4 + -98?
-94
In base 2, what is 1100 - 111?
101
In base 4, what is 30 - 32021?
-31331
In base 15, what is -5b + -7?
-63
In base 3, what is 2 + -1210022?
-1210020
In base 13, what is -64 + -2?
-66
In base 3, what is -221 - -2200?
1202
In base 4, what is -111 + -32?
-203
In base 9, what is -335 - -24?
-311
In base 7, what is 11651 - -1?
11652
In base 9, what is -4 - 1414?
-1418
In base 13, what is 3 - -11?
14
In base 12, what is 5 + 49?
52
In base 11, what is 28 - 13?
15
In base 12, what is 0 - 2?
-2
In base 8, what is -2 - 1312?
-1314
In base 4, what is -33121 - 11?
-33132
In base 16, what is cd + 0?
cd
In base 4, what is 123 - 32122?
-31333
In base 4, what is -331 - 10?
-1001
In base 4, what is 0 - -221?
221
In base 11, what is -2 + 213?
211
In base 2, what is -10010011001 - 0?
-10010011001
In base 2, what is 11 + -1011011011?
-1011011000
In base 12, what is -183 - -4?
-17b
In base 15, what is 13d + -1?
13c
In base 15, what is 4 - 3e?
-3a
In base 4, what is 11 + -211?
-200
In base 10, what is 136 - -1?
137
In base 13, what is -3 - ac?
-b2
In base 16, what is -5d + -53?
-b0
In base 5, what is -4122 + 320?
-3302
In base 13, what is -a8 + 2?
-a6
In base 9, what is -144 - -3?
-141
In base 5, what is -4 - 13?
-22
In base 7, what is -6 + -3054?
-3063
In base 3, what is -10 - -102000210?
102000200
In base 12, what is 246 + 5?
24b
In base 9, what is 15 + 22?
37
In base 16, what is -1d - 7?
-24
In base 7, what is 2 - 22641?
-22636
In base 15, what is 1 + 6c?
6d
In base 13, what is 2cb - -8?
306
In base 6, what is 2 + 444?
450
In base 5, what is -2113 - -1?
-2112
In base 9, what is -4 + 3?
-1
In base 6, what is -20 - -125?
105
In base 3, what is 0 - 10002?
-10002
In base 16, what is -3 - -c4?
c1
In base 14, what is -4b + 2?
-49
In base 2, what is -1 - -10100?
10011
In base 16, what is -3b1 - -2?
-3af
In base 11, what is -9 - 161?
-16a
In base 7, what is 1 - 461?
-460
In base 3, what is 1 + 220010?
220011
In base 15, what is -116 - 13?
-129
In base 16, what is -62 - -1a?
-48
In base 7, what is 2420 - 2?
2415
In base 15, what is 38 - 2?
36
In base 10, what is -2 - 212?
-214
In base 7, what is 10 + 3564?
3604
In base 11, what is 3 - -210?
213
In base 7, what is -1146 + 2?
-1144
In base 10, what is -9 - 22?
-31
In base 9, what is -114 + -4?
-118
In base 7, what is 10322 + 0?
10322
In base 8, what is -14 + 62?
46
In base 9, what is 5 - -5852?
5857
In base 6, what is -113 - -5?
-104
In base 4, what is -13331 - 0?
-13331
In base 12, what is 15 - 16?
-1
In base 8, what is 1203 - -5?
1210
In base 16, what is d0 - 2c?
a4
In base 8, what is 345 - -4?
351
In base 3, what is 1211 - -22?
2010
In base 3, what is 101011020 + -10?
101011010
In base 13, what is 1565 - -5?
156a
In base 15, what is 3 - 58?
-55
In base 9, what is -4 - 1484?
-1488
In base 8, what is -1 - 12672?
-12673
In base 7, what is 11340 - 1?
11336
In base 5, what is -4 - -4?
0
In base 4, what is -102130 - 30?
-102220
In base 12, what is 3 + 30?
33
In base 2, what is 10011 - 1010100?
-1000001
In base 7, what is -3 + 624?
621
In base 8, what is -126 - -2?
-124
In base 10, what is -7 + -147?
-154
In base 11, what is 6 + 25?
30
In base 5, what is 3 + -3020?
-3012
In base 15, what is 4 + -31?
-2c
In base 6, what is -4401 + 5?
-4352
In base 14, what is 4d - -3?
52
In base 16, what is -5 + -6b?
-70
In base 14, what is a8 + -1?
a7
In base 6, what is 5 + 1010?
1015
In base 11, what is 94 + 4?
98
In base 9, what is 327 + -3?
324
In base 6, what is 51 - 10?
41
In base 16, what is 15b + 0?
15b
In base 14, what is -115 + 15?
-100
In base 4, what is 0 + -1?
-1
In base 15, what is 3b + -2?
39
In base 15, what is 111 - 1?
110
In base 11, what is -20 - -34?
14
In base 14, what is -20 - c?
-2c
In base 7, what is 2 + -551?
-546
In base 4, what is -202 - 31?
-233
In base 5, what is 4 - 4412?
-4403
In base 2, what is 10011 + 11111?
110010
In base 4, what is -2023 + -233?
-2322
In base 14, what is -14 - 2?
-16
In base 14, what is 5c6 + -3?
5c3
In base 13, what is 6aa + 0?
6aa
In base 10, what is -5 + -141?
-146
In base 5, what is 0 - 134343?
-134343
In base 9, what is 274 + -67?
206
In base 14, what is -140 + -6?
-146
In base 11, what is 1 + -17a?
-179
In base 16, what is 0 + -13d0?
-13d0
In base 14, what is 2c + -4?
28
In base 7, what is -5314 - 4?
-5321
In base 2, what is 100 + 110010001?
110010101
In base 2, what is -10 - 11111001?
-11111011
In base 15, what is 1 - 150e?
-150d
In base 8, what is 3 + 112?
115
In base 11, what is -3 - 40?
-43
In base 6, what is 2 - -100?
102
In base 8, what is -14 - -5?
-7
In base 14, what is -1 - -11d8?
11d7
In base 6, what is 322 + -4?
314
In base 14, what is -7 + -466?
-46d
In base 8, what is -1 + 6754?
6753
In base 3, what is -20 - 1002012?
-1002102
In base 3, what is -1221 + -1?
-1222
In base 11, what is 3335 + 4?
3339
In base 7, what is 3 - 25?
-22
In base 4, what is 1232 + -2?
1230
In base 15, what is 289 - -3?
28c
In base 8, what is 363 + -16?
345
In base 4, what is -332 + -21?
-1013
In base 12, what is -a2 + 14?
-8a
In base 11, what is 4 - 3a?
-36
In base 6, what is 132 + 4?
140
In base 14, what is b52 - -1?
b53
In base 6, what is -5041 - 3?
-5044
In base 14, what is -436 - -17?
-41d
In base 16, what is -3 - -366?
363
In base 16, what is -17b - 0?
-17b
In base 4, what is 1 - -301012?
301013
In base 14, what is -1 - -4d?
4c
In base 15, what is 4 - 0?
4
In base 10, what is -598 + 3?
-595
In base 12, what is 5 + -2543?
-253a
In base 10, what is -1 + 3011?
3010
In base 8, what is 12777 - 4?
12773
In base 9, what is -8 + -7?
-16
In base 6, what is 1 - -2015?
2020
In base 15, what is -ed - 8?
-106
In base 10, what is -5 + 119?
114
In base 11, what is 27 - -6?
32
In base 11, what is -236 - -32?
-204
In base 4, what is 10003 - -3?
10012
In base 10, what is 834 - -1?
835
In base 8, what is 202 - -4?
206
In base 13, what is 829 - -4?
830
In base 13, what is 3 - -c71?
c74
In base 16, what is 209 + e?
217
In base 15, what is -6 - 1c?
-23
In base 5, what is 130 + -3?
122
In base 12, what is -18 - 22?
-3a
In base 15, what is -4 - 28d?
-292
In base 5, what is 1 + -14?
-13
In base 10, what is 5 - -3?
8
In base 7, what is 211 + 5?
216
In base 4, what is -12130 + 330?
-11200
In base 14, what is 3 - -33?
36
In base 7, what is -10 - 212?
-222
In base 2, what is -101110101011 + 10?
-101110101001
In base 2, what is 1111110010 + -11?
1111101111
In base 14, what is 9 - 8b?
-82
In base 7, what is 2 + 21444?
21446
In base 3, what is 12 + -2011?
-1222
In base 3, what is 10 + -211?
-201
In base 12, what is -b + -11?
-20
In base 15, what is 2 - -13?
15
In base 4, what is 1 - -3012?